 greatest common factor of 19 and n?
19
Suppose -5*i + 350 = 3*d, 6*i - 3*i - 210 = 3*d. Suppose -2 = 4*l + 2, 2*l = 2*m. Let r be (-28)/m - (0 - 0). What is the greatest common divisor of r and i?
14
Suppose 0 = -r + 6 + 22. Let z = 66 + -41. Suppose 0 = 2*c - i - 135, 0*i = 5*i - z. Calculate the highest common factor of r and c.
14
Suppose 18*c - 69 = 15*c. What is the highest common divisor of c and 69?
23
Suppose 72 = 4*x - 56. What is the greatest common divisor of x and 8?
8
Let i be ((-4)/(-12))/((-1)/(-48)). Let l = 31 - i. What is the highest common divisor of l and 30?
15
Let s = -3 + 8. Let a = -3 + s. Let r(k) = -3*k - 2. Let z be r(-6). Calculate the greatest common divisor of z and a.
2
Let m be ((-4)/2)/((-3)/84). Let x be 50/20*4/5 + 12. Calculate the greatest common divisor of m and x.
14
Suppose -71 = -0*t - 2*t + i, -t = 5*i - 30. What is the highest common factor of 7 and t?
7
Suppose 5*x = 2*x - 3. Let n(m) = -m**3 - m - 1. Let k be n(x). What is the highest common factor of 3 and k?
1
Suppose 4 = -4*k - 0. Let t be (17 + -2)/((-1)/k). What is the greatest common factor of 120 and t?
15
Suppose 2*t - 22 = t. Calculate the greatest common divisor of 11 and t.
11
Let v(o) be the third derivative of o**5/60 - 3*o**4/8 - o**3/2 - 5*o**2. Let m be v(11). Calculate the greatest common divisor of 19 and m.
19
Let m be (-922)/(-7) + 4/14. Calculate the greatest common factor of 12 and m.
12
Let r be (24/(-20))/((-5)/100). What is the highest common factor of r and 24?
24
Let r be (3623 - 1) + (-2)/(-1). Let k be r/40 + (-4)/(-10). Let p be 13 + (0 - 0)/(-2). Calculate the highest common divisor of k and p.
13
Suppose -4*d - 2*w = -576, 2*d - 5*w = 7*d - 720. Calculate the highest common divisor of d and 18.
18
Let i(s) = -s**3 + 6*s**2 - 5*s - 1. Let u be i(5). Let n(k) = -40*k + 2 - 1 + 16*k. Let c be n(u). Calculate the greatest common factor of c and 10.
5
Let t(r) = -33*r - 6. Let v be t(-4). Calculate the highest common divisor of v and 14.
14
Let w = 53 - -46. Suppose 0 = -u + 5*j - 24, 5*u = -3*j + 22 - 2. Let t be (1 + 1 - u)*9. What is the highest common divisor of t and w?
9
Suppose -4*u = -56 + 8. What is the highest common factor of 132 and u?
12
Suppose -3*l - 8 + 2 = 0. Let n(i) = -2*i**3 - i**2. Let f be n(l). Calculate the greatest common factor of f and 108.
12
Suppose 0 = -b + 2*b - 15. Let k = b - 9. Suppose 5*w + k = 31. Calculate the highest common divisor of 35 and w.
5
Let v = -16 - -23. Let x = 35 - v. What is the highest common divisor of x and 42?
14
Suppose -5*s - 2*o = -1046, o = 2*s - 3*o - 404. Let r(k) = -4*k**2 + 5*k - 1. Let c be r(5). Let d = s + c. Calculate the highest common divisor of d and 12.
12
Let l = -15 - -24. What is the highest common divisor of 54 and l?
9
Let j = 2 + 9. Suppose -2 = 3*u - j. Calculate the greatest common divisor of u and 6.
3
Let q(y) = 210*y. Let n be q(2). What is the highest common divisor of n and 28?
28
Let q(a) = a**3 + 14*a**2 + 20*a - 3. Let o be q(-12). Calculate the greatest common divisor of 5 and o.
5
Let y be -1 - ((-24)/2 - 0). Calculate the greatest common divisor of 1 and y.
1
Let x be (-1)/(4/6) - 90/(-4). Calculate the highest common divisor of 1 and x.
1
Let x(s) = -s**2 - 9*s - 6. Let v be x(-9). Let n(k) = k**3 + 8*k**2 + 7*k + 2. Let z be n(v). Calculate the highest common divisor of 4 and z.
4
Suppose 2*v + 2 + 2 = 0, 4*n = -3*v + 30. Suppose 0 = g + 4*g - 5*b - 5, g = -5*b - 17. Let j be 1/2*-1*g. What is the greatest common factor of j and n?
1
Suppose 2 = 3*d + 14. Let p = -3 - d. Suppose 0 = 2*z - p - 23. What is the highest common divisor of 6 and z?
6
Suppose 40 = -0*p + 4*p. Suppose 4*d - 5*d = -p. Calculate the greatest common divisor of 5 and d.
5
Let y(f) = 5*f - 9. Let h = -9 + 15. Let m be y(h). What is the highest common divisor of 168 and m?
21
Let r = -11 + 18. Suppose -r*y + 12 = -3*y + 5*w, 2*y = 2*w + 24. Calculate the highest common factor of 20 and y.
4
Let s(x) = 4*x - 4. Let b be s(7). What is the highest common factor of 24 and b?
24
Let z(y) = y**2 + 3*y - 2. Let c be z(-3). Let r be 33/c*(-32)/6. What is the highest common divisor of r and 11?
11
Let m = -89 + 124. Suppose 0 = -2*y - 0*y + 14. What is the highest common divisor of m and y?
7
Suppose -133 = -4*s + 5*k, -k - 32 = s - 2*s. What is the greatest common divisor of s and 18?
9
Let v(q) = 2*q. Let b be v(-2). Let r(l) = -l**3 + l**2 + 6*l + 4. Let h be r(b). Calculate the highest common divisor of 15 and h.
15
Suppose -2*m + 5*b = -3*m + 17, 5*m - 3*b = 57. Calculate the greatest common factor of m and 48.
12
Suppose 38*d - 46*d + 56 = 0. Suppose -3*j + 8*j = -30. Let m be (20 + 1)*(-2)/j. Calculate the greatest common factor of m and d.
7
Let y = -61 + 217. Calculate the greatest common divisor of y and 12.
12
Let r be (2/2)/((-5)/(-50)). Suppose -q - 2 = -r. What is the greatest common factor of q and 20?
4
Suppose 3 = j + 4, -3*y - 3*j = 0. Let g be y/5 - 5590/(-50). What is the greatest common factor of g and 14?
14
Suppose 3*r + 3*k = -k + 19, -17 = -r + 4*k. What is the highest common divisor of r and 9?
9
Suppose 2*g - 391 = -i, -2*g + 4*i = 3*g - 1010. Let j be (88/6)/((-24)/(-36)). What is the greatest common divisor of j and g?
22
Suppose -2*g = 4 + 4, -5*l - 4*g = 6. Let j be ((-4)/6)/(8/(-36)). Suppose -j*p + 4*k + 32 = p, 4 = -k. Calculate the greatest common divisor of p and l.
2
Suppose r + 2*r = 75. What is the highest common divisor of r and 225?
25
Let k be 4/22 + (-522)/(-33). Let n be (6/4)/((-2)/12). Let p be (-48)/(0 - n/(-12)). What is the greatest common divisor of p and k?
16
Let w be (-2)/3*(-2 + -37). Suppose -10 - w = -3*q. Calculate the highest common factor of q and 60.
12
Let b be (-6 - -8)*(-16)/(-2). What is the greatest common factor of b and 128?
16
Let a(j) = 16*j + 4. Let y be a(1). Let k be (-1)/(-2)*8/1. Suppose -s = 4, -2*h + k*s + 116 = -h. What is the highest common factor of y and h?
20
Suppose 1260 = 5*p + 70. Calculate the greatest common factor of 14 and p.
14
Suppose 3*w - 2*s - 20 = 0, -w - 10 = -5*s + 5. Let n be (1 - w)/(7/(-7)). What is the highest common factor of 99 and n?
9
Let d(v) be the first derivative of -23*v**2/2 + v - 2. Let m be d(-3). Suppose -4*q = -9*q + m. What is the greatest common factor of 7 and q?
7
Suppose 0 = q - 2 - 34. Calculate the highest common divisor of q and 24.
12
Let b(y) be the third derivative of -y**4/12 - 11*y**3/6 - 3*y**2. Let o be b(-8). What is the highest common divisor of o and 40?
5
Suppose 1 + 2 = d. Let b(j) = 2*j**2 - 2*j + 4. Let m be b(d). Calculate the highest common divisor of m and 2.
2
Let o(s) = -s**3 + 4*s**2 + 2*s - 6. Let v be o(4). Let a be (-8)/(-2) + v + -4. Calculate the highest common factor of 16 and a.
2
Suppose 0 = 5*t, -3*v + 8*v - t - 945 = 0. Calculate the greatest common divisor of 27 and v.
27
Suppose -l + 3*r + 0 = 3, -2*l + 19 = -r. What is the highest common divisor of 4 and l?
4
Suppose 3*b - 26 = -2*c + 3*c, -5*c + 30 = b. Suppose -b*i = -8*i - 2. Calculate the highest common factor of 1 and i.
1
Let o = -22 - -64. What is the highest common divisor of o and 462?
42
Let s be 30485/140 + -1 + (-1)/(-4). What is the greatest common factor of s and 31?
31
Suppose 2 + 3 = s. Let p(r) = 3*r**2 - 3. Let q be p(s). Suppose 2*z = 4*z + 4*f - 20, 37 = 5*z - 3*f. Calculate the greatest common divisor of q and z.
8
Let t(a) = a**3 - a**2 + 3*a - 3. Let o be t(2). What is the greatest common factor of o and 49?
7
Let u = -7 - -11. Suppose -4 = -v + 4*q, 4*q = -u*v + 7*q + 55. Let p be (8/6)/(2/6). Calculate the highest common factor of p and v.
4
Let w(u) = 21*u**3 + u. Let x be w(1). Let q be (51/34)/((-6)/(-440)). Calculate the greatest common divisor of x and q.
22
Let n(r) = r + r + r + 4. Let c be n(3). What is the highest common divisor of 52 and c?
13
Suppose -4*t = 2*u - 404, -2*t = -5 - 1. Calculate the greatest common divisor of 56 and u.
28
Let g = -195 + 3. Let p = -120 - g. Let w(r) = -7*r + 1. Let t be w(-1). Calculate the greatest common factor of p and t.
8
Let p be 34/2 + (-14)/14. Calculate the highest common factor of 144 and p.
16
Suppose q + 1 = 4. Suppose -2*u - 12 = -5*i, 0 = -5*i + 7*u - 2*u + 15. What is the highest co